3, 368233
List the prime factors of 28052720.
2, 5, 17, 20627
What are the prime factors of 7878986577?
3, 7, 11, 751, 15139
List the prime factors of 51804812.
2, 41, 315883
List the prime factors of 111894908.
2, 23, 1216249
What are the prime factors of 317621632?
2, 19, 61, 2141
List the prime factors of 2318147846.
2, 7, 17, 9740117
List the prime factors of 1117040602.
2, 89, 6275509
What are the prime factors of 102255280?
2, 5, 1278191
What are the prime factors of 420254014?
2, 210127007
What are the prime factors of 3017345523?
3, 37, 27183293
List the prime factors of 232919544.
2, 3, 11, 13, 67867
What are the prime factors of 2471172066?
2, 3, 11, 241, 51787
What are the prime factors of 802103363?
47, 331, 1097
List the prime factors of 68212659.
3, 22737553
List the prime factors of 1839954736.
2, 23, 131, 38167
What are the prime factors of 1072824082?
2, 11, 193, 252667
List the prime factors of 17130256.
2, 11, 13, 7487
What are the prime factors of 1785700503?
3, 19, 101, 103393
What are the prime factors of 792985007?
19, 23, 1814611
What are the prime factors of 66202643?
13, 1583, 3217
What are the prime factors of 346589099?
346589099
List the prime factors of 205246876.
2, 51311719
What are the prime factors of 8118329234?
2, 19, 211, 1012513
List the prime factors of 441443049.
3, 147147683
List the prime factors of 177802064.
2, 11, 89, 11351
List the prime factors of 23561726.
2, 11780863
List the prime factors of 16473781.
3623, 4547
What are the prime factors of 173171708?
2, 43292927
What are the prime factors of 394133220?
2, 3, 5, 13, 168433
What are the prime factors of 3426275435?
5, 11, 59, 1055863
What are the prime factors of 91263297?
3, 53, 101, 5683
What are the prime factors of 7990160034?
2, 3, 5531, 240769
What are the prime factors of 16347737?
7, 281, 8311
List the prime factors of 443628971.
233, 1903987
List the prime factors of 721126747.
11, 65556977
What are the prime factors of 113286160?
2, 5, 13, 108929
List the prime factors of 66456583.
683, 97301
List the prime factors of 39451292.
2, 53, 71, 2621
List the prime factors of 948609380.
2, 5, 47430469
List the prime factors of 109587077.
31, 3535067
What are the prime factors of 26098426?
2, 167, 78139
What are the prime factors of 2915080611?
3, 971693537
What are the prime factors of 116319576?
2, 3, 17, 137, 2081
List the prime factors of 155080097.
89, 1742473
List the prime factors of 243878086.
2, 41, 2974123
List the prime factors of 150117163.
7, 479, 44771
What are the prime factors of 6495216156?
2, 3, 11, 13, 1261697
What are the prime factors of 17902627?
367, 48781
What are the prime factors of 88410451?
43, 101, 20357
List the prime factors of 2384604875.
5, 17, 137, 8191
What are the prime factors of 8153569745?
5, 1630713949
What are the prime factors of 1478255766?
2, 3, 13, 3329, 5693
List the prime factors of 671355389.
311, 2158699
What are the prime factors of 7223224385?
5, 13, 2939, 37811
List the prime factors of 4281390948.
2, 3, 356782579
What are the prime factors of 679092805?
5, 135818561
What are the prime factors of 683904385?
5, 136780877
List the prime factors of 95871710.
2, 5, 11, 163, 5347
List the prime factors of 4594903673.
337, 683, 19963
List the prime factors of 46753834.
2, 757, 30881
List the prime factors of 23284297.
23284297
List the prime factors of 31222339.
19, 23, 37, 1931
What are the prime factors of 155348891?
73, 2128067
What are the prime factors of 70192735?
5, 1181, 11887
List the prime factors of 108866829.
3, 107, 229, 1481
What are the prime factors of 3511588941?
3, 7, 55739507
What are the prime factors of 363468624?
2, 3, 7572263
List the prime factors of 49258284.
2, 3, 4104857
What are the prime factors of 4002475530?
2, 3, 5, 133415851
List the prime factors of 1664541285.
3, 5, 11, 103, 97943
What are the prime factors of 614784278?
2, 3259, 94321
List the prime factors of 5766521771.
17, 14159, 23957
List the prime factors of 921861082.
2, 73, 1307, 4831
List the prime factors of 543511347.
3, 181170449
List the prime factors of 55235545.
5, 2017, 5477
List the prime factors of 79420927.
79420927
What are the prime factors of 401457098?
2, 7, 131, 31271
What are the prime factors of 4152082021?
37, 43, 2609731
List the prime factors of 269302587.
3, 89767529
List the prime factors of 20126196.
2, 3, 23, 109, 223
What are the prime factors of 318983686?
2, 7, 22784549
List the prime factors of 420903896.
2, 7, 197, 38153
What are the prime factors of 83992456?
2, 2593, 4049
What are the prime factors of 218299148?
2, 31, 1760477
What are the prime factors of 49478761?
281, 176081
List the prime factors of 1015295.
5, 251, 809
List the prime factors of 78178910.
2, 5, 353, 22147
List the prime factors of 1208117283.
3, 402705761
List the prime factors of 128791920.
2, 3, 5, 536633
What are the prime factors of 557134281?
3, 11, 41, 101, 151
List the prime factors of 9781751622.
2, 3, 251, 1993, 3259
List the prime factors of 301882275.
3, 5, 447233
What are the prime factors of 134488695?
3, 5, 11, 31, 26293
List the prime factors of 2891668848.
2, 3, 109, 131, 4219
List the prime factors of 182822483.
8693, 21031
List the prime factors of 31820350.
2, 5, 636407
What are the prime factors of 1166500333?
31, 79, 476317
List the prime factors of 679045549.
7, 13, 574003
List the prime factors of 778733315.
5, 163, 955501
What are the prime factors of 616808774?
2, 59, 79, 127, 521
List the prime factors of 8414351.
11, 331, 2311
What are the prime factors of 24885254?
2, 12442627
List the prime factors of 174532265.
5, 1847, 18899
What are the prime factors of 158404756?
2, 113, 350453
What are the prime factors of 29379413?
7, 31, 135389
What are the prime factors of 124761607?
124761607
What are the prime factors of 59512527?
3, 349, 18947
What are the prime factors of 452338585?
5, 23, 3933379
What are the prime factors of 62257181?
7, 8893883
List the prime factors of 743382.
2, 3, 41299
What are the prime factors of 237990523?
19, 12525817
List the prime factors of 207596966.
2, 103798483
What are the prime factors of 339243993?
3, 11, 17, 19, 103
List the prime factors of 76969190.
2, 5, 19, 29, 61, 229
What are the prime factors of 101237389?
11, 47, 195817
List the prime factors of 431871284.
2, 13, 8305217
List the prime factors of 44116811.
44116811
List the prime factors of 32211865.
5, 7, 131477
What are the prime factors of 109138554?
2, 3, 7, 53, 59, 277
What are the prime factors of 26555933?
31, 83, 10321
What are the prime factors of 54801734?
2, 13, 2107759
List the prime factors of 4628289.
3, 809, 1907
What are the prime factors of 180746083?
7, 563, 45863
List the prime factors of 28567948.
2, 331, 21577
What are the prime factors of 2240874763?
19, 117940777
What are the prime factors of 816001796?
2, 204000449
List the prime factors of 297115647.
3, 17, 5825797
What are the prime factors of 244419854?
2, 7, 37, 471853
What are the prime factors of 1635880332?
2, 3, 2579, 52859
List the prime factors of 56588571.
3, 13, 161221
What are the prime factors of 3051076419?
3, 339008491
List the prime factors of 16715315.
5, 47, 71129
What are the prime factors of 105357429?
3, 1300709
List the prime factors of 702951998.
2, 7, 50210857
List the prime factors of 2557922419.
13, 107, 1838909
List the prime factors of 13192091.
11, 37, 32413
List the prime factors of 66730935.
3, 5, 23, 193423
What are the prime factors of 3288165?
3, 5, 29, 7559
List the prime factors of 8232129309.
3, 1009, 2719567
What are the prime factors of 162581580?
2, 3, 5, 7, 59
What are the prime factors of 934722866?
2, 7, 11, 17, 557, 641
What are the prime factors of 269916239?
269916239
List the prime factors of 3553205271.
3, 7, 11, 1069, 14389
What are the prime factors of 1887790?
2, 5, 188779
What are the prime factors of 39848957?
1823, 21859
List the prime factors of 61547533.
61547533
What are the prime factors of 279488826?
2, 3, 5175719
What are the prime factors of 511972912?
2, 11, 2908937
List the prime factors of 320401988.
2, 31, 2583887
List the prime factors of 134630016.
2, 3, 229, 1531
What are the prime factors of 67956730?
2, 5, 19, 357667
List the prime fac